91
What are the prime factors of 343920814?
2, 1523, 112909
What are the prime factors of 29607594?
2, 3, 83, 59453
What are the prime factors of 2392260702?
2, 3, 13, 19, 41, 39371
What are the prime factors of 1724349597?
3, 574783199
What are the prime factors of 436938982?
2, 283, 743, 1039
List the prime factors of 1826366332.
2, 7, 307, 212467
What are the prime factors of 85985521?
37, 107, 587
What are the prime factors of 2964912454?
2, 7, 211779461
List the prime factors of 16512966.
2, 3, 409, 2243
What are the prime factors of 2003816444?
2, 7, 5519, 12967
What are the prime factors of 81224166?
2, 3, 79, 349, 491
What are the prime factors of 283937508?
2, 3, 2629051
List the prime factors of 81936003.
3, 73, 374137
List the prime factors of 389241719.
23, 43, 393571
What are the prime factors of 1499255160?
2, 3, 5, 13, 17, 56533
List the prime factors of 71857165.
5, 67, 214499
What are the prime factors of 333957505?
5, 7, 41, 53, 4391
List the prime factors of 120899536.
2, 449, 16829
List the prime factors of 3101316170.
2, 5, 1847, 167911
What are the prime factors of 59597681?
11, 13, 32059
List the prime factors of 3058072437.
3, 7, 47, 167, 18553
List the prime factors of 69876672.
2, 3, 363941
List the prime factors of 178349243.
67, 2661929
What are the prime factors of 168242944?
2, 293, 2243
List the prime factors of 162584449.
79, 2058031
List the prime factors of 407390941.
17, 23964173
List the prime factors of 212596162.
2, 1231, 86351
List the prime factors of 10248057.
3, 1138673
List the prime factors of 17687074.
2, 919, 9623
What are the prime factors of 464758822?
2, 11, 179, 10729
List the prime factors of 343933659.
3, 38214851
What are the prime factors of 3398449961?
149, 353, 64613
What are the prime factors of 285732584?
2, 599, 59627
What are the prime factors of 9268234?
2, 4634117
What are the prime factors of 717456995?
5, 143491399
What are the prime factors of 73195281?
3, 1033, 7873
What are the prime factors of 506922766?
2, 7, 36208769
What are the prime factors of 157457584?
2, 9841099
What are the prime factors of 3801610397?
13, 17, 137, 241, 521
What are the prime factors of 20239862?
2, 23, 149, 2953
List the prime factors of 3187201233.
3, 31, 853, 40177
List the prime factors of 247192059.
3, 3371, 24443
What are the prime factors of 360947267?
503, 717589
List the prime factors of 10998406.
2, 5499203
What are the prime factors of 77436950?
2, 5, 1548739
What are the prime factors of 90954324?
2, 3, 29, 87121
List the prime factors of 5032939188.
2, 3, 419411599
What are the prime factors of 356056218?
2, 3, 7, 41, 157, 439
List the prime factors of 126358861.
126358861
What are the prime factors of 1446814875?
3, 5, 11, 359, 977
List the prime factors of 55776334.
2, 23, 887, 1367
What are the prime factors of 92780427?
3, 31, 419, 2381
What are the prime factors of 44787732?
2, 3, 11, 311, 1091
What are the prime factors of 14664373?
14664373
What are the prime factors of 114122212?
2, 643, 44371
List the prime factors of 2182530379.
2182530379
What are the prime factors of 775533196?
2, 29, 230539
What are the prime factors of 29032981?
47, 617723
What are the prime factors of 1276267815?
3, 5, 23, 29, 101, 421
What are the prime factors of 680019302?
2, 340009651
List the prime factors of 22493677.
53, 179, 2371
What are the prime factors of 62255262?
2, 3, 167, 62131
What are the prime factors of 64855609?
7, 13, 73, 751
List the prime factors of 121957106.
2, 37, 1648069
What are the prime factors of 85058410?
2, 5, 8505841
What are the prime factors of 456901192?
2, 11, 59, 88001
List the prime factors of 444656619.
3, 11, 4491481
What are the prime factors of 170709848?
2, 21338731
List the prime factors of 2599741155.
3, 5, 11, 15756007
List the prime factors of 804772866.
2, 3, 37, 3625103
List the prime factors of 10415300.
2, 5, 7, 14879
List the prime factors of 172615578.
2, 3, 619, 46477
What are the prime factors of 1357975019?
19763, 68713
List the prime factors of 1074410924.
2, 268602731
What are the prime factors of 70491395?
5, 13, 1084483
What are the prime factors of 35860145?
5, 7172029
List the prime factors of 94806590.
2, 5, 281, 33739
List the prime factors of 1706356277.
71, 349, 68863
List the prime factors of 680324371.
43, 1667, 9491
List the prime factors of 1805933.
37, 48809
What are the prime factors of 291068245?
5, 13, 131, 34183
List the prime factors of 7810613674.
2, 29, 149, 739, 1223
List the prime factors of 1759713692.
2, 11, 39993493
List the prime factors of 293839413.
3, 7, 13992353
What are the prime factors of 358378926?
2, 3, 29, 2059649
What are the prime factors of 892720727?
892720727
What are the prime factors of 475712915?
5, 683, 139301
List the prime factors of 146137995.
3, 5, 3247511
List the prime factors of 993158781.
3, 317, 359, 2909
List the prime factors of 140328337.
140328337
List the prime factors of 1734682635.
3, 5, 7, 17, 35993
What are the prime factors of 119722544?
2, 23, 325333
List the prime factors of 2408114963.
29, 3323, 24989
What are the prime factors of 859887984?
2, 3, 17914333
List the prime factors of 849736695.
3, 5, 1439, 39367
List the prime factors of 2301001608.
2, 3, 95875067
What are the prime factors of 1808201571?
3, 11, 54793987
List the prime factors of 158993627.
13, 1697, 7207
What are the prime factors of 391028140?
2, 5, 137, 142711
List the prime factors of 1264935786.
2, 3, 113, 1865687
What are the prime factors of 4541822029?
23, 1031, 191533
What are the prime factors of 982155094?
2, 113, 4345819
List the prime factors of 33721052.
2, 8430263
What are the prime factors of 814550390?
2, 5, 7883, 10333
What are the prime factors of 291757987?
37, 7885351
List the prime factors of 862139985.
3, 5, 7, 29, 283133
List the prime factors of 338593109.
491, 689599
What are the prime factors of 503723506?
2, 11, 13, 23, 73, 1049
What are the prime factors of 18399391?
19, 968389
What are the prime factors of 42211668?
2, 3, 59, 59621
What are the prime factors of 4344194907?
3, 13, 1483, 25037
List the prime factors of 13439558.
2, 11, 257, 2377
List the prime factors of 135456707.
587, 230761
List the prime factors of 62184090.
2, 3, 5, 1361, 1523
What are the prime factors of 1281154434?
2, 3, 7, 197, 154841
What are the prime factors of 131532253?
131, 1004063
What are the prime factors of 169262097?
3, 4057, 13907
What are the prime factors of 5918968?
2, 11, 67261
What are the prime factors of 97680918?
2, 3, 773, 21061
What are the prime factors of 38656614?
2, 3, 541, 11909
What are the prime factors of 478259002?
2, 13, 179, 102763
List the prime factors of 11794412.
2, 7, 67, 6287
What are the prime factors of 816065387?
816065387
What are the prime factors of 286194004?
2, 101, 281, 2521
List the prime factors of 209624574.
2, 3, 311, 112339
List the prime factors of 1897216664.
2, 7, 47, 113, 6379
List the prime factors of 628699175.
5, 13, 1934459
List the prime factors of 93881026.
2, 149, 315037
What are the prime factors of 101154559?
11, 37, 248537
List the prime factors of 144121036.
2, 17, 23, 43, 2143
List the prime factors of 31211206.
2, 13, 43, 27917
List the prime factors of 4383904811.
11, 13, 23, 107, 12457
What are the prime factors of 84999387?
3, 11, 83, 31033
What are the prime factors of 776809602?
2, 3, 29, 165349
List the prime factors of 2194216022.
2, 31, 191, 185291
List the prime factors of 47181664.
2, 17, 43, 2017
What are the prime factors of 31404157?
37, 848761
What are the prime factors of 124753159?
37, 137, 24611
List the prime factors of 1690756260.
2, 3, 5, 29, 971699
List the prime factors of 1456681340.
2, 5, 47, 463, 3347
What are the prime factors of 23660624?
2, 13, 19, 5987
List the prime factors of 55384172.
2, 43, 322001
What are the prime factors of 1024223543?
7, 337, 509, 853
What are the prime factors of 58044811?
11, 1381, 3821
What are the prime factors of 84250542?
2, 3, 433, 32429
What are the prime factors of 131025040?
2, 5, 1637813
What are the prime factors of 214015024?
2, 13375939
List the prime factors of 5157821241.
3, 59, 647, 15013
List the prime factors of 60006572.
2, 677, 22159
List the prime factors of 1780333